+ k + 1173 = 0, -2*j = 4*k - 456. Calculate the remainder when j is divided by 11.
3
Let o = 70 + -21. Suppose 2*t = -5*n - 118 - 122, 0 = -4*n + 5*t - 159. Let p = n + 71. Calculate the remainder when o is divided by p.
24
Let j(t) = -18*t + 23. What is the remainder when 9 is divided by j(1)?
4
Let w(t) = -3*t**3 + 5*t + 4. Let r(v) = 7*v**3 - 11*v - 8. Let h(s) = 4*r(s) + 9*w(s). What is the remainder when h(0) is divided by 4?
0
Let t(n) = 2*n**2 - 4. Let p be t(-5). Suppose -12*v = -10*v - p. Calculate the remainder when v is divided by 12.
11
Let p be (-1 - (-3 + 52)) + 1. Let n = 156 - 66. Let s = n + p. What is the remainder when s is divided by 14?
13
Let i be 405/12 + -4 + 51/12. Let o(f) = f**3 - f - 8. Let j be o(0). Let d = i + j. What is the remainder when d is divided by 14?
12
Let g(x) = 2*x**2 + 69*x + 99. What is the remainder when g(-40) is divided by 68?
63
Suppose -3*o + 65 = 4*j, 7*j - 4*j + 4*o = 47. Let w be 1/(5/142) + (-10)/25. Suppose -33*z + 405 = -w*z. Calculate the remainder when z is divided by j.
13
Suppose -d = 26 + 32. Let c = 25 - d. Calculate the remainder when c is divided by 21.
20
Suppose 0 = 6*h - 112 - 116. Calculate the remainder when 560 is divided by h.
28
Suppose n + 19 = 5*q - 20, -4*q - 3*n + 35 = 0. Calculate the remainder when 39 is divided by q.
7
Let o = -463 - -500. Calculate the remainder when 50 is divided by o.
13
Let p = 65 - 26. Suppose 52*r = 51*r + 3. Suppose 4*x - x - 57 = -r*n, -90 = -5*x - 4*n. What is the remainder when p is divided by x?
11
Let j be 4 - (-4 - -3 - -2). Calculate the remainder when 32 is divided by ((-63)/(-35))/(j/15).
5
Let x = 85 + -39. Let s = -38 + x. Calculate the remainder when 17 is divided by s.
1
Suppose t - 2 = 5*f - 29, -f = 3*t + 33. Let q = t + 9. Calculate the remainder when 44 is divided by q/7 + 216/14.
14
Suppose -2 = -d + 6. Suppose 0 = -2*x + 10 + d. Suppose 15 + x = 2*n + 2*w, -5*n + 4*w = -42. Calculate the remainder when 26 is divided by n.
6
Suppose -p - 235 = -2*h, 5*h - p - 592 = 3*p. Suppose 0 = -s - 5*z - 104 + 149, -5*s = 4*z - 99. What is the remainder when h is divided by s?
11
Let s be ((-368)/(-64))/((-1)/(-12)). Let l = -37 + s. Calculate the remainder when l is divided by 17.
15
Suppose -4*s = -v + 36, 0 = 2*s - v + 2*v + 12. Let g be 15 + s + 2/1. Let c(x) = x**3 - 10*x**2 + 13*x - 3. What is the remainder when c(g) is divided by 9?
6
Let n = -28 + 42. Suppose 4*l = -90 - n. Let k = -20 - l. Calculate the remainder when 9 is divided by k.
3
Let u(w) = -w**2 + 34*w + 203. Calculate the remainder when u(28) is divided by 17.
14
Let i(b) = -69*b + 123. What is the remainder when 322 is divided by i(1)?
52
Suppose 5*x = -50 + 85. Suppose 2*t + 100 = -3*t. What is the remainder when -1 + (0 - t) + 1 is divided by x?
6
Suppose 0 = -3*w - 2*h + 338, -5*h - 11 + 1 = 0. Calculate the remainder when w is divided by 29.
27
Let f be (1 + 1)*(-6)/3. Let u = f + 6. Let q = u - -30. What is the remainder when q is divided by 11?
10
Suppose 5*i - y - 2*y + 163 = 0, 4*i - 2*y = -130. Let g = -511 + 591. Let d = g + i. Calculate the remainder when d is divided by 13.
9
Suppose 0 = -4*h + 16, -4*h = -2*u + 2 + 10. What is the remainder when 209 is divided by u?
13
Let r(j) = j**3 - 7*j**2 + 8*j - 9. Let n be r(6). Suppose -v + n*v - 26 = 0. Let d = 35 - v. What is the remainder when 42 is divided by d?
20
What is the remainder when 298 is divided by 59 - (6 + (-13)/(52/32))?
54
Let n(k) = -77*k**3 + 3*k**2 + 7*k + 5. What is the remainder when n(-1) is divided by 22?
12
Let p be ((-5)/(-1))/((-60)/(-24)). Suppose p*z + 5*z - 119 = 0. Calculate the remainder when 46 is divided by z.
12
Let y(m) = -7*m + 14. Let t be y(6). Let n = t - -24. Let g = n - -19. Calculate the remainder when g is divided by 8.
7
Suppose 0 = 4*s + 2*q - 126, -5*q + 55 = s + 46. What is the remainder when 5439 is divided by s?
33
Suppose -4*a = 4*c, -2*a = -2*c + a + 10. Suppose c*l = -3 + 67. Calculate the remainder when l is divided by 11.
10
Suppose -r = 3, -5*m + 8*m + r - 81 = 0. What is the remainder when 77 is divided by m?
21
Let d(g) be the third derivative of g**5/15 - g**4/12 - g**3/6 - 20*g**2. Calculate the remainder when d(2) is divided by 7.
4
Let o be -46*-3*(-5)/(-15). Suppose -10*d - o = -12*d. Calculate the remainder when d is divided by 6.
5
Suppose 33 + 3 = -2*m. Let p = m - -26. What is the remainder when 30 is divided by p?
6
Let v be (-4)/(16/4)*-1. Let u be 1 - ((v - 11) + 3). Suppose -5*i - 57 = -u*i. Calculate the remainder when 73 is divided by i.
16
Suppose -2*c - 5*y + 166 = 0, c - y - 80 = -5*y. What is the remainder when c is divided by 18?
16
What is the remainder when (-3 + 2)*-2*1115/10 is divided by 29?
20
Suppose -4*t = 3*a + 11 + 2, -3*t - 12 = 0. Let c(u) = 16*u**2 - 3*u + 2. What is the remainder when 44 is divided by c(a)?
14
Suppose 5*j - 3*q - 96 = 0, 145*q = j + 146*q - 16. Calculate the remainder when 87 is divided by j.
15
Let z be (-4)/((-2)/4*4). Calculate the remainder when z/3*(-882)/(-12) is divided by 14.
7
Suppose 0*k - 4*k + 36 = 0. Suppose -9*y + 49 = 4. Calculate the remainder when k is divided by y.
4
Suppose 84 = 3*x - x. Let r(c) = 12*c + 252. What is the remainder when x is divided by r(-19)?
18
Let i be (-368)/14 - (-4)/14. Let q = i - -36. What is the remainder when (-662)/(-18) - 2/(-9) is divided by q?
7
Let c be (40/(-10))/(2/15). Let s(i) = 36*i**2 - 2*i + 2. Let w be s(1). Let g = c + w. Calculate the remainder when g is divided by 2.
0
Let g = 1354 + -915. What is the remainder when g is divided by 22?
21
Let h = 622 - 610. What is the remainder when 32 is divided by h?
8
Suppose 0 = f - 3. Let x(p) = 6*p + 4. Let k = -137 - -200. Calculate the remainder when k is divided by x(f).
19
Suppose 5*t - d + 560 = -0*d, 4*t - 3*d = -459. Calculate the remainder when 27 is divided by (t/(-9) - -3) + 4/6.
11
Let u(g) = -3*g**3 + 37*g**2 + 5*g. Calculate the remainder when u(11) is divided by 9.
8
Let i(n) = -3*n - 11. What is the remainder when 38 is divided by i(-8)?
12
Let z be 0/(3 + (4 - 9)). Suppose 5 = 3*u + 2*u. What is the remainder when 1 - (-2 + 2 + z) is divided by u?
0
Let p = 85 + -281. What is the remainder when 43 is divided by 8*(-7)/p + (-206)/(-14)?
13
Let s = 1459 - 482. What is the remainder when s is divided by 41?
34
Suppose 2*a + 24 = w, -3*w + 3*a - 6*a = -27. Suppose 140 = -0*n + w*n. Let t = -15 - -53. Calculate the remainder when t is divided by n.
8
Let y = 540 + -531. Let s(j) = 4*j**2 + 3*j - 1. Calculate the remainder when s(-3) is divided by y.
8
Suppose 69*c - 2760 = 414. What is the remainder when 117 is divided by c?
25
Calculate the remainder when 99 is divided by ((-4437)/(-174))/(1*(-3)/(-2)).
14
Let q = -32 - -36. Suppose 0 = 8*h - 236 - q. Calculate the remainder when h is divided by 11.
8
Suppose -l + 22 = -2*x - 1, 0 = -5*l - 5*x + 100. Suppose -21 = 4*k - k. Let r = k - -19. Calculate the remainder when l is divided by r.
9
Let y be 1/3 + 1673/21. Let h = y - 6. What is the remainder when h is divided by 13?
9
Let q(m) = m**3 - 4*m**2 - 4*m - 4. Let j be q(5). Calculate the remainder when 36 is divided by (4 + -4 + -4)/(j/(-2)).
4
Suppose 9*i + 4 = -14. Calculate the remainder when (-24)/18*(-16 + i) is divided by 9.
6
Let f = -27 - -18. Suppose -3*g + 5 = 3*a - 7, 2*g = -2. Calculate the remainder when 3/f + 80/6 is divided by a.
3
Suppose 3*f = a + 3, 5*f - f = -4*a + 20. Suppose 0 = c + f*c - 156. What is the remainder when c is divided by 27?
25
Let p = 0 + 1. Let m(w) = -w**3 - 3*w**2 + 5. What is the remainder when m(-2) is divided by p?
0
Suppose 2*i = -5*p - 30, 4*i + 4*p + p + 60 = 0. Let l(h) = h**3 + 15*h**2 - 4*h - 18. What is the remainder when 125 is divided by l(i)?
41
Let b = -25 - 54. Let m = -35 - b. What is the remainder when m is divided by 23?
21
Let i = -1783 + 1807. Let l be (-1*(1 + -1))/(-2). Suppose u = -3*h + 9 + 24, l = -5*u + 15. What is the remainder when i is divided by h?
4
Let m be 8 - -1*(3 - 12/3). Suppose -5 = m*b - 117. Calculate the remainder when 26 is divided by b.
10
Let c(g) = 20*g - 220. What is the remainder when 87 is divided by c(13)?
7
What is the remainder when 679 is divided by (38/4 + 0)*(-8 - -12)?
33
Suppose 0 = -r - 0*